) = s**3 - s**2 - 2*s - 1. What is c(-1)?
-1
Let g(l) = -l**3 - 6*l**2 - 2*l + 2. Give g(-6).
14
Let p(f) = f**3 - 6*f**2 + 7*f - 13. Give p(6).
29
Let l(y) = -2*y**3 - 18*y**2 + 22*y + 17. Calculate l(-10).
-3
Let z(i) = -i**3 - 12*i**2 - 13*i - 24. Determine z(-11).
-2
Let f(u) = u**2 + u - 2. Give f(-4).
10
Let h(k) = 4*k + 36. Give h(-14).
-20
Let k(w) = -16*w**3 + 2*w**2 - 2*w + 1. Give k(1).
-15
Let h(m) = -2*m**2 + 3*m + 4. Determine h(3).
-5
Let g(t) = -8*t + 1. Calculate g(1).
-7
Let z(x) = x**3 + 39*x**2 + 79*x + 175. Give z(-37).
-10
Let q(y) = -y**2 - 2*y + 12. Calculate q(-4).
4
Let f(r) = 2*r - 14. What is f(-13)?
-40
Let r(l) = 2*l**2 - 17*l - 6. Determine r(9).
3
Let t(k) = -k**2 - 3*k + 4. What is t(-5)?
-6
Let q(a) = 3*a + 14. Give q(-11).
-19
Let p(x) = -247*x - 1489. Determine p(-6).
-7
Let r(x) = x**2 - 12*x + 39. What is r(5)?
4
Let z(u) = u**2 + 4*u - 11. Calculate z(-5).
-6
Let p(w) = -w**3 - 3*w**2 + 8*w + 10. Determine p(-4).
-6
Let g(z) = -z**3 - z - 11. Calculate g(0).
-11
Let d(y) = 17*y. Determine d(1).
17
Let g(h) = -2*h**3 + 2*h**2 - h - 4. What is g(2)?
-14
Let q(g) = -g**3 + 3*g**2 + 2*g + 2. Determine q(4).
-6
Let d(v) = v**3 - 4*v + 2. Calculate d(2).
2
Let t(x) = x**2 - 18*x + 25. Determine t(18).
25
Let s(o) = 2*o**3 + 17*o**2 - 7*o - 2. Determine s(-9).
-20
Let m(p) = 14*p. Give m(-3).
-42
Let k(f) = -f**3 - 5*f**2 + 3*f + 2. What is k(-5)?
-13
Let r(o) = -o**2 + 22*o + 1. What is r(22)?
1
Let f(r) = 2*r**3 + 3*r**2 - 2*r - 2. Determine f(-3).
-23
Let h(c) = -3*c**2 - 2*c + 15. Calculate h(6).
-105
Let k(l) = -l**3 + 5*l**2 + 2*l + 10. Determine k(6).
-14
Let g(j) = -2*j**2 + 184*j - 539. Determine g(3).
-5
Let r(w) = -2*w + 10. What is r(5)?
0
Let z(w) = w**3 - 9*w**2 - 36*w - 3. Give z(12).
-3
Let b(w) = -w - 12. Determine b(-19).
7
Let k(o) = o**2 + 7*o + 13. Give k(-5).
3
Let i(n) = -n**3 - 15*n**2 - 16*n - 34. What is i(-14)?
-6
Let h(d) = -d - 7. What is h(-6)?
-1
Let g(b) = -11*b + 9. Calculate g(4).
-35
Let j(y) = -y**2 + 10*y + 1. Give j(9).
10
Let b(x) = x**2 - 15*x - 36. What is b(17)?
-2
Let u(g) = -7*g - 7. Determine u(-1).
0
Let v(a) = 9*a - 52. Calculate v(6).
2
Let w(r) = -r**2 - 7*r + 4. Calculate w(-8).
-4
Let c(s) = 15*s**2 - 4*s - 3. Calculate c(-1).
16
Let z(i) = -i**2 + 10*i + 19. What is z(11)?
8
Let w(o) = -o**3 + 13*o**2 - 10*o + 3. Calculate w(12).
27
Let r(z) = -14*z - 94. What is r(-9)?
32
Let v(z) = 11*z**3. Determine v(-1).
-11
Let k(l) = 4*l**2 - 6*l + 8. What is k(2)?
12
Let j(k) = -k**3 + 27*k**2 - 70*k - 48. Give j(24).
0
Let q(g) = -g**3 + 6*g**2 - g. Determine q(5).
20
Let k(o) = -40*o + 4. What is k(-1)?
44
Let n(d) = -d**2 - 8*d - 6. Calculate n(-9).
-15
Let y(d) = 4*d - 3. What is y(2)?
5
Let a(y) = -10*y + 82. Calculate a(9).
-8
Let l(s) = 2*s - 51. Determine l(25).
-1
Let q(k) = k**2 + 10*k + 5. What is q(-9)?
-4
Let a(i) = -3*i**2 - 96*i - 2. Give a(-32).
-2
Let g(f) = -2*f**2 + 18*f + 53. Determine g(-4).
-51
Let w(r) = -r**3 - 14*r**2 - 7*r + 9. Determine w(-14).
107
Let u(y) = 12*y**2 - y - 2. Calculate u(-1).
11
Let g(m) = -m**3 - 8*m**2 + 5*m - 3. Give g(-9).
33
Let l(a) = -a**2 + 18*a - 8. Give l(19).
-27
Let v(i) = -12*i**2 + 9*i + 11. Determine v(-1).
-10
Let x(g) = -2*g**2 + 14*g + 6. Calculate x(7).
6
Let l(r) = r**2 - 10*r - 2. Give l(9).
-11
Let x(f) = f**3 + 6*f**2 - 9. Determine x(-3).
18
Let p(v) = 10*v + 3. Calculate p(3).
33
Let l(g) = g**2 + 6*g - 10. Calculate l(-7).
-3
Let u(j) = j**2 - 14*j + 14. Determine u(13).
1
Let j(a) = a**3 + 4*a**2 + a. What is j(-3)?
6
Let j(i) = i**3 + 3*i**2 - 14*i + 6. Give j(2).
-2
Let h(w) = w**3 + 10*w**2 - 2*w + 15. Determine h(-10).
35
Let y(x) = x**3 + 7*x**2 - 7*x - 12. Give y(-8).
-20
Let a(l) = -l**3 - 5*l**2 - 2*l - 47. Give a(-6).
1
Let m(v) = -v**2 - 6*v + 21. Determine m(-9).
-6
Let z(f) = -f**3 + 2*f**2 + 1. Determine z(2).
1
Let y(r) = -2*r**3 + 2*r**2 + 13*r + 6. Determine y(-2).
4
Let g(x) = -x**3 + 11*x**2 - x + 4. Determine g(12).
-152
Let n(k) = k - 3. Determine n(2).
-1
Let k(r) = -r**2 + 4*r + 30. Determine k(7).
9
Let h(l) = 22*l**2 + 4*l + 4. Give h(-1).
22
Let y(t) = -31*t**2 - 401*t + 26. Calculate y(-13).
0
Let o(k) = k**3 + 6*k**2 + 2*k + 17. What is o(-7)?
-46
Let n(z) = -z**2 + 8*z + 136. Determine n(16).
8
Let g(t) = 33*t - 189. What is g(6)?
9
Let b(v) = v**3 + 6*v**2 - 2*v. What is b(-3)?
33
Let g(d) = -d**3 + 19*d**2 - 7*d + 27. Calculate g(19).
-106
Let s(a) = -2*a**3 + 6*a**2 - 3*a + 15. Give s(3).
6
Let g(l) = -l**3 + 9*l**2 + 13*l - 2. Calculate g(11).
-101
Let q(l) = l**3 - 11*l**2 - 61*l + 4. Determine q(15).
-11
Let b(w) = -3*w + 4. Give b(3).
-5
Let y(u) = -u**2 - 10*u - 4. Calculate y(-7).
17
Let w(q) = q**3 + 3*q**2 - 6*q + 1. Give w(-4).
9
Let b(k) = k**3 + 9*k**2 + 2*k + 20. What is b(-9)?
2
Let s(l) = 8*l**2 + 32*l + 7. Give s(-4).
7
Let q(y) = 2*y - 33. Determine q(-14).
-61
Let p(g) = g**2 + 4*g + 12. Calculate p(-2).
8
Let y(z) = -z + 13. Calculate y(9).
4
Let w(q) = -9*q. What is w(1)?
-9
Let a(f) = -f - 5. What is a(-10)?
5
Let a(n) = 2*n**2 - n - 20. Determine a(-3).
1
Let b(f) = 2*f + 1. Give b(2).
5
Let w(f) = -f**3 - 8*f**2 + 7*f - 7. Give w(-9).
11
Let h(m) = -7*m + 49. Calculate h(5).
14
Let b(k) = 6*k**2 - 2*k. What is b(2)?
20
Let h(v) = -3*v**2 + 16*v - 4. Give h(5).
1
Let v(g) = -g**3 + 2*g**2 - 5*g. Give v(4).
-52
Let s(c) = -4*c**2 + 2*c. Give s(-2).
-20
Let y(t) = t**3 - 9*t**2 + 7. Give y(9).
7
Let o(k) = 21*k - 108. What is o(5)?
-3
Let x(i) = i**2 + 22*i + 16. Calculate x(-15).
-89
Let l(a) = 2*a**3 - 2*a**2 - 3*a + 3. Give l(2).
5
Let d(q) = 34*q + 1131. Give d(-33).
9
Let a(p) = 2*p**2 + 3*p - 5. Give a(-4).
15
Let n(i) = -5*i - 3. Determine n(-5).
22
Let c(k) = -k**2 + 4*k + 5. What is c(7)?
-16
Let l(b) = -3*b - 38. Calculate l(-12).
-2
Let n(w) = 35*w - 281. Give n(8).
-1
Let t(x) = -19*x - 119. What is t(-6)?
-5
Let t(c) = -c + 5. Give t(6).
-1
Let a(y) = -6*y + 9. Determine a(-6).
45
Let w(y) = -y**2 - 11*y. What is w(-9)?
18
Let t(i) = -i**2 + 17*i - 68. Give t(12).
-8
Let c(f) = -f**2 - f + 2. What is c(2)?
-4
Let l(m) = -3*m + 11. Calculate l(6).
-7
Let i(o) = o**2 - 31*o + 76. Determine i(3).
-8
Let k(s) = -s**3 + 3*s**2 + 3*s - 3. Calculate k(4).
-7
Let p(g) = -g**3 - 5*g**2 + 7*g - 6. What is p(-6)?
-12
Let t(h) = -h**2 + 51. What is t(-7)?
2
Let k(y) = -3*y**2 - 2*y + 5. What is k(4)?
-51
Let m(h) = 14*h - 117. Give m(7).
-19
Let q(d) = d - 5. What is q(-8)?
-13
Let c(h) = -2*h**2 - 8*h - 4. Calculate c(-6).
-28
Let m(i) = -2*i**2 + 7*i + 9. What is m(8)?
-63
Let i(g) = 2*g + 3. Calculate i(-10).
-17
Let x(o) = 4*o + 49. Give x(-14).
-7
Let i(x) = -2*x**2 - 4*x + 10. Determine i(-6).
-38
Let j(r) = r**3 - 2*r**2 - 5*r + 8. Give j(3).
2
Let x(g) = 23*g**3 - g**2 + g. Give x(1).
23
Let s(i) = -2*i**2 - 4*i + 2. Give s(3).
-28
Let n(q) = -10*q**3 + 1. Determine n(1).
-9
Let v(x) = x - 4. Determine v(11).
7
Let j(m) = 16*m**2 - m - 5. What is j(-3)?
142
Let o(q) = 7*q**2 + 10*q - 16. Determine o(3).
77
Let o(l) = 6*l**2 - 3*l + 4. Give o(3).
49
Let w(z) = z**3 + z - 1. Give w(0).
-1
Let j(g) = 4*g - 31. Determine j(7).
-3
Let z(f) = -f**2 + f - 3. Determine z(0).
-3
Let s(f) = 4*f - 17. Calculate s(7).
11
Let l(i) = 14*i - 16. Give l(1).
-2
Let n(a) = 22*a - 242. Give n(11).
0
Let g(v) = -v**3 - 9*v**2 - 10*v - 16. Determine g(-8).
0
Let c(z) = z - 20. What is c(23)?
3
Let p(t) = t**2 - 9*t - 10. What is p(9)?
-10
Let q(u) = u**2 - 17*u - 100. Calculate q(-6).
38
Let l(j) = -j**2 - 14*j + 96. What is l(-19)?
1
Let x(k) = 25*k + 1. What is x(-1)?
-24
Let g(s) = 5*s - 21. Give g(4).
-1
Let b(t) = t**3 - 11*t**2 + 10*t - 10. Calculate b(10).
-10
Let g(a) = -a**3 + 4*a**2 - 6*a + 1. What is g(4)?
-23
Let d(v) = -3*v + 41. Calculate d(5).
26
Let c(v) = -3*v**2 - v + 47. What is c(5)?
-33
Let l(y) = -y**2 + 25*y + 445. Determine l(37).
1
Let y(q) = 3*q**3 + 2*q**2 + q - 2. What is y(1)?
4
Let x(c) = c**3 - 6*c**2 + 6*c + 4. What is x(6)?
40
Let i(b) = -b**2 + 7*b - 5. Give i(6).
1
Let y(f) = 5*f**2 + f - 17. Calculate y(-4).
59
Let b(y) = 2*y + 28. Give b(-15).
-2
Let p(o) = -63*o**2 + o + 2. Determine p(-1).
-62
Let q(m) = m**3 + 48*m**2 + 89*m - 166. Calculate q(-46).
-28
Let c(v) = -10*v**2 + v + 4. Give c(2).
-34
Let h(z) = -z**3 + 11*